{"id":299,"date":"2024-10-01T21:47:52","date_gmt":"2024-10-01T21:47:52","guid":{"rendered":"https:\/\/yannod.fr\/?page_id=131\/?page_id=299"},"modified":"2024-11-23T15:39:58","modified_gmt":"2024-11-23T15:39:58","slug":"accueil","status":"publish","type":"page","link":"https:\/\/yannod.fr\/","title":{"rendered":"Accueil"},"content":{"rendered":"\n    \n    <section class=\"u-clearfix u-color-scheme-u10 u-grey-90 u-section-2\" id=\"sec-295f\">\n      <div class=\"u-clearfix u-sheet u-valign-middle-xs u-valign-top-lg u-valign-top-md u-valign-top-sm u-valign-top-xl u-sheet-1\">\n        <div class=\"data-layout-selected u-clearfix u-expanded-width u-gutter-0 u-layout-wrap u-layout-wrap-1\">\n          <div class=\"u-gutter-0 u-layout\">\n            <div class=\"u-layout-row\">\n              <div class=\"u-size-31-sm u-size-31-xs u-size-36-lg u-size-36-xl u-size-60-md\">\n                <div class=\"u-layout-col\">\n                  <div class=\"u-align-left u-container-align-left u-container-style u-layout-cell u-left-cell u-size-40 u-layout-cell-1\">\n                    <div class=\"u-container-layout u-container-layout-1\">\n                      <h2 class=\"u-custom-font u-text u-text-custom-color-1 u-text-1\">\n                        <span style=\"font-weight: 400;\">Yannod&nbsp;<\/span>\n                        <span style=\"font-weight: 400;\">Electroacoustic <\/span>\n                      <\/h2>\n                    <\/div>\n                  <\/div>\n                  <div class=\"u-container-style u-image u-layout-cell u-left-cell u-size-20 u-image-1\" src=\"\" data-image-width=\"5000\" data-image-height=\"3333\" style=\"background-image: url(&quot;https:\/\/yannod.fr\/wp-content\/uploads\/2024\/10\/YannodVB-1.jpg&quot;);\">\n                    <div class=\"u-container-layout u-container-layout-2\"><\/div>\n                  <\/div>\n                <\/div>\n              <\/div>\n              <div class=\"u-size-24-lg u-size-24-xl u-size-29-sm u-size-29-xs u-size-60-md\">\n                <div class=\"u-layout-col\">\n                  <div class=\"u-align-left u-container-align-left u-container-style u-layout-cell u-right-cell u-size-20 u-layout-cell-3\">\n                    <div class=\"u-container-layout u-valign-top u-container-layout-3\">\n                      <h4 class=\"u-custom-font u-text u-text-custom-color-1 u-text-default u-text-2\">Agitateur de bonne humeur !<\/h4>\n                      <p class=\"u-text u-text-3\">Animation ElectroAcoustic dans la bonne humeur avec de nombreuses chansons fran\u00e7aises et anglaises des Seventies \u00e0 nos jours...<br>\n                        <br>Des compositions \u00e0 d\u00e9couvrir... \n                      <\/p>\n                    <\/div>\n                  <\/div>\n                  <div class=\"u-align-left u-container-align-left-lg u-container-align-left-md u-container-align-left-sm u-container-align-left-xl u-container-style u-layout-cell u-right-cell u-size-40 u-layout-cell-4\">\n                    <div class=\"u-container-layout u-valign-top u-container-layout-4\">\n                      <h4 class=\"u-custom-font u-text u-text-custom-color-1 u-text-default u-text-4\">Le partage de la musique<\/h4>\n                      <p class=\"u-text u-text-5\">Yannod est avant tout un agitateur de bonne humeur !&nbsp;<br>\n                        <br>Mon seul but !?! Partager des instants positifs autour de la musique, cr\u00e9er des \u00e9motions, des souvenirs... et pourquoi pas se quitter avec le sourire !&nbsp; \n                      <\/p>\n                      <a href=\"https:\/\/yannod.fr\/?page_id=296\" class=\"u-active-none u-border-2 u-border-custom-color-1 u-border-no-left u-border-no-right u-border-no-top u-btn u-btn-rectangle u-button-style u-hover-none u-none u-btn-1\">Contactez moi !<\/a>\n                    <\/div>\n                  <\/div>\n                <\/div>\n              <\/div>\n            <\/div>\n          <\/div>\n        <\/div>\n      <\/div>\n    <\/section>\n    \n    \n    \n    \n  \n","protected":false},"excerpt":{"rendered":"<p>Yannod&nbsp; Electroacoustic Agitateur de bonne humeur ! Animation ElectroAcoustic dans la bonne humeur avec de nombreuses chansons fran\u00e7aises et anglaises des Seventies \u00e0 nos jours&#8230; Des compositions \u00e0 d\u00e9couvrir&#8230; Le partage de la musique Yannod est avant tout un agitateur de bonne humeur !&nbsp; Mon seul but !?! Partager des instants positifs autour de la &hellip; <a href=\"https:\/\/yannod.fr\/\" class=\"more-link\">Continue reading<span class=\"screen-reader-text\"> \u00ab\u00a0Accueil\u00a0\u00bb<\/span><\/a><\/p>\n","protected":false},"author":1,"featured_media":0,"parent":0,"menu_order":4,"comment_status":"closed","ping_status":"closed","template":"","meta":{"footnotes":""},"class_list":["post-299","page","type-page","status-publish","hentry"],"_links":{"self":[{"href":"https:\/\/yannod.fr\/index.php?rest_route=\/wp\/v2\/pages\/299","targetHints":{"allow":["GET"]}}],"collection":[{"href":"https:\/\/yannod.fr\/index.php?rest_route=\/wp\/v2\/pages"}],"about":[{"href":"https:\/\/yannod.fr\/index.php?rest_route=\/wp\/v2\/types\/page"}],"author":[{"embeddable":true,"href":"https:\/\/yannod.fr\/index.php?rest_route=\/wp\/v2\/users\/1"}],"replies":[{"embeddable":true,"href":"https:\/\/yannod.fr\/index.php?rest_route=%2Fwp%2Fv2%2Fcomments&post=299"}],"version-history":[{"count":7,"href":"https:\/\/yannod.fr\/index.php?rest_route=\/wp\/v2\/pages\/299\/revisions"}],"predecessor-version":[{"id":384,"href":"https:\/\/yannod.fr\/index.php?rest_route=\/wp\/v2\/pages\/299\/revisions\/384"}],"wp:attachment":[{"href":"https:\/\/yannod.fr\/index.php?rest_route=%2Fwp%2Fv2%2Fmedia&parent=299"}],"curies":[{"name":"wp","href":"https:\/\/api.w.org\/{rel}","templated":true}]}}